. Is (-2 + (-9579)/15)*r a prime number?
True
Let d(o) = 54208*o**2 - 17*o + 10. Is d(-1) a prime number?
False
Suppose 5*c + 596 = -y, -535 = 5*c - 3*y + 57. Let q = 123 + c. Suppose -q*i + 11*i - 406 = 0. Is i a composite number?
True
Let d = 14 + -2. Suppose d*c + 5*c = 178670. Suppose -c = -5*u + 2515. Is u prime?
False
Let i(c) = -227*c**2 - 24. Let d be i(6). Let n = 12769 + d. Is n prime?
False
Is ((1/3)/1)/(206/15691638) composite?
False
Let p(m) = -m**3 + 17*m**2 - 27*m - 20. Let x be p(15). Suppose -x*j + 36078 = -119647. Is j composite?
False
Let q(o) = 3*o + 0*o**2 - 9*o**2 + 22 + o**3 + 6 + o**2. Let l be q(7). Suppose l = 9*f - 2366 - 613. Is f composite?
False
Let b(d) = -d**2 - d + 4. Let l be b(0). Suppose -2*v + v - 2519 = -4*o, l*o = -2*v + 2534. Is o composite?
False
Let j(m) = -m**2 + 6*m + 10. Let t be j(0). Let u = 1 - t. Is u/(0 - -3)*(-271 + 8) prime?
False
Let r = 18294 - 5303. Is r a prime number?
False
Suppose 675*z = 676*z + 1558. Let r = 3141 + z. Is r a prime number?
True
Let w(t) = -10*t + 49. Let g(h) = 9*h - 50. Let l(k) = 5*g(k) + 4*w(k). Let v be l(12). Is (-1174)/v*(-5 + 2) a prime number?
True
Let w = -801145 + 1145780. Is w a composite number?
True
Is (348/522)/(4/1543854) a composite number?
True
Let f(n) = 361*n**2 + 2*n + 3. Let c(h) = -2*h**2 + h + 6. Let l be c(-3). Let z be (l - -16)*(0 + 1 + -2). Is f(z) a composite number?
True
Let a = -5065 - -7104. Is a prime?
True
Let y(v) = v**2 - 2*v - 5. Let b be y(-5). Let s(z) = 2*z**2 - z**2 - b*z + 24*z + 19*z + 19. Is s(-12) composite?
False
Let x = 113606 - 37945. Is x a prime number?
False
Let k be 3/9 + (-61894)/(-6). Suppose 0 = -5*w + w + k. Is w composite?
False
Suppose -x + 2*x - 138814 - 6577 = 0. Is x a prime number?
True
Suppose -5*l + 993582 = 118292. Suppose -z = -27*z + l. Is z prime?
True
Suppose -2*h = 71167 - 102892 - 223489. Is h a composite number?
False
Let l(i) be the second derivative of -5543*i**3/6 - 5*i**2 + 120*i. Is l(-1) composite?
True
Let x be 33/6 - (-6)/(-12). Is (x/(-15))/((-1)/26421) a prime number?
True
Let u = 292862 - 140623. Is u a composite number?
False
Let y(k) be the third derivative of k**6/60 - 7*k**5/60 - k**4/8 - 3*k**3/2 - 168*k**2. Let m = 13 - 3. Is y(m) composite?
True
Let s(u) = -u**2 + 7*u + 6. Let x be s(6). Suppose -15*b = -x*b - 951. Suppose 6*n = 5*n + b. Is n a prime number?
True
Suppose -624190 = -3*d - y, -d - 2*y + 288440 = 80375. Is d a prime number?
False
Let f(z) = -z**2 + 10*z + 4. Let d be f(10). Suppose -y = -5*u + d*y - 60, 5*y + 38 = -2*u. Is (1*4 - 2)/(u/(-3787)) composite?
False
Suppose 3*v - 2*z + 29820 = -5*z, -3*v - 29817 = 2*z. Let c = 126 - v. Is c prime?
False
Let j(l) = 564*l**2 - 5*l + 4. Let k(m) = -1691*m**2 + 14*m - 10. Let o(w) = -11*j(w) - 4*k(w). Is o(2) a prime number?
False
Suppose -3*u - t = -1891, -19*t - 2530 = -4*u - 16*t. Let h be 22*(1*-18)/(-3). Let k = u - h. Is k prime?
True
Let h(b) = 968*b**2 - 62*b - 379. Is h(-18) composite?
True
Let h = 117 - 117. Suppose h = 32*j - 29*j - 2685. Is j a prime number?
False
Is (-12265232)/(-68) + (-28)/476 prime?
True
Let f = 58350 + 11523. Is f prime?
False
Let z = 233898 + -115157. Is z prime?
False
Let x(s) = 35*s + 51. Suppose 0 = -10*q + 8*q + 16. Is x(q) a composite number?
False
Suppose -2*f = -114 - 90. Let a = f - 94. Is ((-1156)/a)/((-2)/4) prime?
False
Let q be 0 - 3970/(2/(-1)). Suppose 3*u + 3178 = -674. Let g = u + q. Is g prime?
True
Let v(p) be the third derivative of p**5/60 - p**4/24 + 33*p**3/2 - 6*p**2 + 2*p. Is v(16) composite?
True
Let z(b) = 73*b - 20. Let f be z(20). Suppose -f = -8*m + 7928. Is m a prime number?
True
Let o(b) be the second derivative of -b**5/20 + 5*b**4/12 + b**3/6 + b**2 - 3*b. Let x be o(6). Is (1785/x)/((-3)/8) - 1 a prime number?
False
Let o(i) = 30*i**3 + 2*i**2 - 4*i - 5. Suppose -26*p + 53 = -51. Is o(p) a prime number?
True
Suppose 0 = -3*c + 114786 + 886260. Is c prime?
False
Let g = -2320 + 4267. Suppose 0 = 54*n - 51*n - g. Suppose 0 = -14*x + 15*x - n. Is x a composite number?
True
Let i(a) be the first derivative of 3*a**4/2 - 2*a**3 + 5*a**2 + 14*a + 28. Is i(6) a prime number?
False
Let b(z) = z**2 + 13*z - 15. Let p be b(1). Is (-9532 - 11)/(0 + p) prime?
False
Let k be (-4)/14 - 72/42. Let w be (k - -2) + (-112)/(-1 + 3). Let i = w - -115. Is i a prime number?
True
Let q(j) = j + 10. Let l be q(5). Suppose -6*t + 63 - l = 0. Suppose 3*f + 2*m = 4225, 3*m + 7010 = -3*f + t*f. Is f a prime number?
False
Suppose 146*i - 1645184689 = -47*i. Is i prime?
True
Suppose 314*j - 20891708 - 45186138 = 0. Is j a prime number?
False
Suppose -299*l = -293*l - 234. Suppose 0 = l*q - 35*q - 18808. Is q composite?
True
Suppose 0 = 20*w - 511868 - 943392. Is w a prime number?
True
Let j(s) = 93359*s + 12. Is j(1) a prime number?
True
Let h be (88/(-55))/(1*1/(-40)). Suppose -4*w + h - 12 = -v, 0 = 5*v. Suppose -w*n = -21*n + 15448. Is n a prime number?
True
Let j = 3038 + -704. Suppose -5*k = -s + 8306, -2*s = -5*k - 78 - 8229. Let l = j + k. Is l a prime number?
True
Suppose -916147 + 2989733 + 535172 = 18*p. Is p a composite number?
False
Suppose 4*t = 1538 + 3810. Is t a composite number?
True
Let l be (-10)/(-15) - (-39)/9. Suppose 14425 - 82130 = -l*y. Suppose -d + y = 10*d. Is d a composite number?
False
Let m(r) = 128*r**3 + r**2 + 4*r - 9. Let j be m(4). Let p = j + 8656. Is p a prime number?
True
Let j be 193/(-8) + (-9)/(-72). Let x be 2 - (j/10)/((-4)/(-20)). Is (-8074)/(-4) + (-21)/x a prime number?
True
Suppose 9201217 = -37*w + 41402354. Is w composite?
False
Suppose -166*f + 71659899 + 89835359 = 0. Is f composite?
True
Let a be (-3 - 0)/(-4 + 3 - 0). Suppose 4*b - 12 = 0, -a*b + 4325 = -u - 4*b. Is (u/8)/(1 + -2) prime?
True
Let q(h) = 9*h**2 - 29*h + 3. Let p be q(3). Is (-28287 + (p - -7))/(-1) a prime number?
True
Suppose -23*q + 1550228 = -1217207 - 6292288. Is q composite?
False
Suppose -54*s - 886775 = -255*s + 101484736. Is s prime?
False
Let r be 34/(-153) + 4/18. Is r - -1152 - (-1 + -4) prime?
False
Suppose 0 = 16*j - 33*j - 85478 + 1782231. Is j composite?
False
Suppose 4*x = -l + 1599, -x + 4*l = l - 416. Suppose 4*v = 97 - x. Let m = v + 390. Is m a prime number?
False
Let p(m) = -m**3 + 4*m**2 - 2*m + 14711. Let w = -681 - -681. Is p(w) a prime number?
False
Let r(y) = -19*y**3 + 15*y**2 + 32*y + 103. Is r(-18) a composite number?
True
Suppose -204842873 = -394*x - 62848819. Is x composite?
False
Let m(l) be the first derivative of 13*l**5/20 - 5*l**4/12 + 2*l**3/3 - l**2/2 - 15*l + 33. Let q(k) be the first derivative of m(k). Is q(3) a prime number?
True
Let m = 37307 - 21514. Is m a composite number?
True
Suppose 3*t + d - 9 = 0, 7*d - 8*d = 5*t - 17. Suppose -4*i - 4876 = -6*i + 2*k, -9746 = -t*i - 2*k. Is i a composite number?
False
Is 1700724/36 + 6 - (0 - 6/9) prime?
False
Let m = 41 - 74. Let y = m - -38. Suppose k - 807 = -4*a + 2*k, 4*a - y*k = 787. Is a a prime number?
False
Suppose -40 = 2*h - 2*k, h + 3*k = k - 20. Let a(q) = q**3 + 21*q**2 + 19*q - 18. Let v be a(h). Is 37 + (v - -6)/(-4) composite?
True
Let o be (-1672)/(-28) + 1 + (-2)/(-7). Let r = o - -46. Let f = r - -78. Is f a prime number?
False
Let w = 44 - 36. Let q = w - 6. Suppose -3*b = -q*b - 541. Is b a prime number?
True
Suppose 31611 = 3*c + 3*z, -43*z + 38*z - 52635 = -5*c. Suppose -c = 1383*m - 1387*m. Is m a composite number?
False
Let h(b) = -b**3 + 3*b**2 + b. Suppose -5*d - s = 4*s - 15, d - 3*s - 3 = 0. Let v be h(d). Is ((-3678)/(-8))/(v/4) composite?
False
Let f(s) = -4*s + 111. Let x be f(-44). Is 62810/14 - (-164)/x prime?
False
Suppose w - 13 - 4 = -3*x, 4*w + 16 = 0. Is -13397*(x - (3 + 5)) a prime number?
True
Is 30/(-9) - -3 - (-1)/(9/1965216) a prime number?
True
Is (403696 - (17 + -4)) + -4 composite?
False
Let b(z) = 5*z**3 - 15*z**2 - 11*z - 40. Let q(k) = 11*k**3 - 31*k**2 - 22*k - 81. Let g(y) = 13*b(y) - 6*q(y). Is g(-15) prime?
True
Suppose 0 = 4*w - 5*r - 64951, 0*w = w + 5*r - 16244. Suppose 38*b = w + 77279. Is b composite?
True
Suppose -46529589 = -51*h - 252*h. Is h a prime number?
True
Suppose -131 + 133 = -2*u, -4*u + 257320 = 4*w. Is w prime?
False
Let g be (-28494)/21 - (-4)/(-28). Let q = -686 - g. Suppose 3*i - q = 1756. Is i composite